{"id":2,"date":"2021-08-16T06:18:01","date_gmt":"2021-08-16T06:18:01","guid":{"rendered":"http:\/\/prgnid.com.tr\/?page_id=2"},"modified":"2023-02-04T07:31:56","modified_gmt":"2023-02-04T07:31:56","slug":"iletisim","status":"publish","type":"page","link":"http:\/\/prgnid.com.tr\/index.php\/iletisim\/","title":{"rendered":"\u0130leti\u015fim"},"content":{"rendered":"\n<hr class=\"wp-block-separator has-css-opacity is-style-default\"\/>\n\n\n\n<div class=\"wp-block-columns is-layout-flex wp-container-core-columns-is-layout-9d6595d7 wp-block-columns-is-layout-flex\">\n<div class=\"wp-block-column is-vertically-aligned-center is-layout-flow wp-block-column-is-layout-flow\" style=\"flex-basis:100%\">\n<div class=\"wp-block-columns is-layout-flex wp-container-core-columns-is-layout-9d6595d7 wp-block-columns-is-layout-flex\">\n<div class=\"wp-block-column is-layout-flow wp-block-column-is-layout-flow\" style=\"flex-basis:100%\">\n<div class=\"wp-block-group\"><div class=\"wp-block-group__inner-container is-layout-flow wp-block-group-is-layout-flow\"><\/div><\/div>\n<\/div>\n<\/div>\n<\/div>\n<\/div>\n\n\n\n<p class=\"has-text-align-center\">Merkez Mah., Cendere Cad., BAB Plaza, Blok No: 30\/3<\/p>\n\n\n\n<p class=\"has-text-align-center\">Ka\u011f\u0131thane \/ \u0130stanbul &#8211; T\u00fcrkiye<\/p>\n\n\n\n<p class=\"has-text-align-center\">+90 212 280 20 67<\/p>\n\n\n\n<p class=\"has-text-align-center\"><p class=\"has-text-align-center\" style=\"text-transform: lowercase;\"><a rel=\"noreferrer noopener\" href=\"mailto:info@prgnid.com.tr\" target=\"_blank\">info@prgnid.com.tr<\/a><\/p><\/p>\n\n\n\n<p class=\"has-text-align-center\">\u00c7al\u0131\u015fma Saatleri 8:00AM &#8211; 6:00PM<\/p>\n\n\n\n<p><\/p>\n\n\n\n<p><\/p>\n\n\n\n<hr class=\"wp-block-separator has-css-opacity is-style-default\"\/>\n\n\n\n<div class=\"wp-block-columns is-layout-flex wp-container-core-columns-is-layout-9d6595d7 wp-block-columns-is-layout-flex\"><\/div>\n","protected":false},"excerpt":{"rendered":"<p>Merkez Mah., Cendere Cad., BAB Plaza, Blok No: 30\/3 Ka\u011f\u0131thane \/ \u0130stanbul &#8211; T\u00fcrkiye +90 212 280 20 67 info@prgnid.com.tr \u00c7al\u0131\u015fma Saatleri 8:00AM &#8211; 6:00PM<\/p>\n","protected":false},"author":1,"featured_media":0,"parent":0,"menu_order":0,"comment_status":"closed","ping_status":"open","template":"templates\/template-page-full-width.php","meta":{"footnotes":""},"class_list":["post-2","page","type-page","status-publish","hentry"],"_links":{"self":[{"href":"http:\/\/prgnid.com.tr\/index.php\/wp-json\/wp\/v2\/pages\/2","targetHints":{"allow":["GET"]}}],"collection":[{"href":"http:\/\/prgnid.com.tr\/index.php\/wp-json\/wp\/v2\/pages"}],"about":[{"href":"http:\/\/prgnid.com.tr\/index.php\/wp-json\/wp\/v2\/types\/page"}],"author":[{"embeddable":true,"href":"http:\/\/prgnid.com.tr\/index.php\/wp-json\/wp\/v2\/users\/1"}],"replies":[{"embeddable":true,"href":"http:\/\/prgnid.com.tr\/index.php\/wp-json\/wp\/v2\/comments?post=2"}],"version-history":[{"count":17,"href":"http:\/\/prgnid.com.tr\/index.php\/wp-json\/wp\/v2\/pages\/2\/revisions"}],"predecessor-version":[{"id":255,"href":"http:\/\/prgnid.com.tr\/index.php\/wp-json\/wp\/v2\/pages\/2\/revisions\/255"}],"wp:attachment":[{"href":"http:\/\/prgnid.com.tr\/index.php\/wp-json\/wp\/v2\/media?parent=2"}],"curies":[{"name":"wp","href":"https:\/\/api.w.org\/{rel}","templated":true}]}}