{"id":266,"date":"2023-03-10T01:09:16","date_gmt":"2023-03-10T01:09:16","guid":{"rendered":"http:\/\/prgnid.com.tr\/?page_id=266"},"modified":"2023-03-13T07:08:04","modified_gmt":"2023-03-13T07:08:04","slug":"urunler","status":"publish","type":"page","link":"http:\/\/prgnid.com.tr\/index.php\/urunler\/","title":{"rendered":"\u00dcr\u00fcnler"},"content":{"rendered":"<p style=\"text-align: justify;\">PRGNID olarak \u00fcretti\u011fimiz ve tedarik etti\u011fimiz \u00fcr\u00fcnlerimizle kart teknolojileri konusunda \u00e7\u00f6z\u00fcmler sunuyoruz.<\/p>\r\n<p>&nbsp;<\/p>\r\n<p>&nbsp;<\/p>\r\n\r\n\r\n<div class=\"wp-block-columns is-layout-flex wp-container-core-columns-is-layout-9d6595d7 wp-block-columns-is-layout-flex\">\r\n<div class=\"wp-block-column is-layout-flow wp-block-column-is-layout-flow\" style=\"flex-basis:33.33%\">\r\n<figure class=\"wp-block-image size-full\"><img loading=\"lazy\" decoding=\"async\" width=\"480\" height=\"300\" src=\"http:\/\/prgnid.com.tr\/wp-content\/uploads\/2023\/03\/Temasli-Akilli-Kart-480x300-1.jpg\" alt=\"\" class=\"wp-image-356\" srcset=\"http:\/\/prgnid.com.tr\/wp-content\/uploads\/2023\/03\/Temasli-Akilli-Kart-480x300-1.jpg 480w, http:\/\/prgnid.com.tr\/wp-content\/uploads\/2023\/03\/Temasli-Akilli-Kart-480x300-1-300x188.jpg 300w\" sizes=\"auto, (max-width: 480px) 100vw, 480px\" \/><\/figure>\r\n<\/div>\r\n\r\n\r\n\r\n<div class=\"wp-block-column is-layout-flow wp-block-column-is-layout-flow\" style=\"flex-basis:66.66%\">\r\n<p><strong>Temasl\u0131 Ak\u0131ll\u0131 Kart<\/strong><\/p>\r\n\r\n\r\n\r\n<p style=\"text-align: justify; line-height: 2em;\">Temasl\u0131 ak\u0131ll\u0131 kartlarda \u00e7ip kart\u0131n \u00fczerinde g\u00f6r\u00fcnecek \u015fekilde bulunur. Temasl\u0131 ak\u0131ll\u0131 kart, kart okuyucusu i\u00e7erisine yerle\u015ftirilir ve \u00e7ip ile kart okuyucusu aras\u0131nda temas sa\u011fland\u0131\u011f\u0131nda okuma i\u015flemi ger\u00e7ekle\u015febilir. Temasl\u0131 ak\u0131ll\u0131 kartlarda \u00e7ip i\u00e7erisinde \u00f6zel \u015fifreleme teknikleri kullan\u0131larak g\u00fcvenlikli veri saklan\u0131r ve istenmeyen kart okuma veya kopyalamalar\u0131na kar\u015f\u0131 g\u00fcvenlik duvar\u0131 sa\u011flar.<\/p>\r\n<\/div>\r\n<\/div>\r\n\r\n\r\n\r\n<hr class=\"wp-block-separator has-alpha-channel-opacity\"\/>\r\n\r\n\r\n\r\n<div class=\"wp-block-columns is-layout-flex wp-container-core-columns-is-layout-9d6595d7 wp-block-columns-is-layout-flex\">\r\n<div class=\"wp-block-column is-layout-flow wp-block-column-is-layout-flow\" style=\"flex-basis:66.66%\">\r\n<p><strong>Temass\u0131z Ak\u0131ll\u0131 Kart<\/strong><\/p>\r\n\r\n\r\n\r\n<p style=\"text-align: justify; line-height: 2em;\">Temass\u0131z ak\u0131ll\u0131 kartlar, kart okuyucuya yerle\u015ftirilmeden belirli bir mesafede okuma i\u015flemi yap\u0131labilen kartlard\u0131r. Temass\u0131z ak\u0131ll\u0131 kartlar\u0131n i\u00e7erisinde bulunan anten, \u00e7ip i\u00e7erisinde bulunan bilginin temass\u0131z \u015fekilde kart okuyucuya aktar\u0131lmas\u0131n\u0131 sa\u011flar. Temass\u0131z ak\u0131ll\u0131 kartlar maliyet avantaj\u0131 sunar ve \u00e7ok \u00e7e\u015fitli kullan\u0131m alanlar\u0131na sahiptir.<\/p>\r\n<\/div>\r\n\r\n\r\n\r\n<div class=\"wp-block-column is-layout-flow wp-block-column-is-layout-flow\" style=\"flex-basis:33.33%\">\r\n<figure class=\"wp-block-image size-full\"><img loading=\"lazy\" decoding=\"async\" width=\"480\" height=\"300\" src=\"http:\/\/prgnid.com.tr\/wp-content\/uploads\/2023\/03\/Temassiz-Akilli-Kart-480x300-1.jpg\" alt=\"Temassiz-Akilli-Kart-480x300\" class=\"wp-image-334\" srcset=\"http:\/\/prgnid.com.tr\/wp-content\/uploads\/2023\/03\/Temassiz-Akilli-Kart-480x300-1.jpg 480w, http:\/\/prgnid.com.tr\/wp-content\/uploads\/2023\/03\/Temassiz-Akilli-Kart-480x300-1-300x188.jpg 300w\" sizes=\"auto, (max-width: 480px) 100vw, 480px\" \/><\/figure>\r\n<\/div>\r\n<\/div>\r\n\r\n\r\n\r\n<hr class=\"wp-block-separator has-alpha-channel-opacity\"\/>\r\n\r\n\r\n\r\n<div class=\"wp-block-columns is-layout-flex wp-container-core-columns-is-layout-9d6595d7 wp-block-columns-is-layout-flex\">\r\n<div class=\"wp-block-column is-layout-flow wp-block-column-is-layout-flow\" style=\"flex-basis:33.33%\">\r\n<figure class=\"wp-block-image size-full\"><img loading=\"lazy\" decoding=\"async\" width=\"480\" height=\"300\" src=\"http:\/\/prgnid.com.tr\/wp-content\/uploads\/2023\/03\/DualInterface-Akilli-Kart-480x300-1.jpg\" alt=\"\" class=\"wp-image-357\" srcset=\"http:\/\/prgnid.com.tr\/wp-content\/uploads\/2023\/03\/DualInterface-Akilli-Kart-480x300-1.jpg 480w, http:\/\/prgnid.com.tr\/wp-content\/uploads\/2023\/03\/DualInterface-Akilli-Kart-480x300-1-300x188.jpg 300w\" sizes=\"auto, (max-width: 480px) 100vw, 480px\" \/><\/figure>\r\n<\/div>\r\n\r\n\r\n\r\n<div class=\"wp-block-column is-layout-flow wp-block-column-is-layout-flow\" style=\"flex-basis:66.66%\">\r\n<p><strong>Dual Interface Kart<\/strong><\/p>\r\n\r\n\r\n\r\n<p style=\"text-align: justify; line-height: 2em;\">Dual Interface kartlar, hem temasl\u0131 hem de temass\u0131z kart i\u015flemi yapabilme kabiliyetine sahiptirler. Kart i\u00e7erisinde temasl\u0131 ve temass\u0131z i\u015flem kabiliyetine sahip bir \u00e7ip ve temass\u0131z haberle\u015fme sa\u011flayan anten yerle\u015fik olarak bulunur. Ayr\u0131ca artt\u0131r\u0131labilir bellek kapasitesi ile g\u00fc\u00e7l\u00fc yeteneklere sahiptir.<\/p>\r\n<\/div>\r\n<\/div>\r\n\r\n\r\n\r\n<hr class=\"wp-block-separator has-alpha-channel-opacity\"\/>\r\n\r\n\r\n\r\n<div class=\"wp-block-columns is-layout-flex wp-container-core-columns-is-layout-9d6595d7 wp-block-columns-is-layout-flex\">\r\n<div class=\"wp-block-column is-layout-flow wp-block-column-is-layout-flow\" style=\"flex-basis:66.66%\">\r\n<p><strong>MIFARE Kart<\/strong><\/p>\r\n\r\n\r\n\r\n<p style=\"text-align: justify; line-height: 2em;\">MIFARE kartlar, temass\u0131zd\u0131r ve kart okuyucuya yakla\u015ft\u0131r\u0131ld\u0131\u011f\u0131nda etkile\u015fim sa\u011flan\u0131r. MIFARE kartlar \u00fczerlerinde veri depolayabilirler ve bu \u00f6zellikleri ile geli\u015fmi\u015f ama\u00e7lara hizmet ederler. Biletleme, temass\u0131z \u00f6deme ve personel kart\u0131 gibi \u00e7ok \u00e7e\u015fitli kullan\u0131m alanlar\u0131 vard\u0131r.<\/p>\r\n<\/div>\r\n\r\n\r\n\r\n<div class=\"wp-block-column is-layout-flow wp-block-column-is-layout-flow\" style=\"flex-basis:33.33%\">\r\n<figure class=\"wp-block-image size-full\"><img loading=\"lazy\" decoding=\"async\" width=\"480\" height=\"300\" src=\"http:\/\/prgnid.com.tr\/wp-content\/uploads\/2023\/03\/MIFARE-Kart-480x300-1.jpg\" alt=\"\" class=\"wp-image-359\" srcset=\"http:\/\/prgnid.com.tr\/wp-content\/uploads\/2023\/03\/MIFARE-Kart-480x300-1.jpg 480w, http:\/\/prgnid.com.tr\/wp-content\/uploads\/2023\/03\/MIFARE-Kart-480x300-1-300x188.jpg 300w\" sizes=\"auto, (max-width: 480px) 100vw, 480px\" \/><\/figure>\r\n<\/div>\r\n<\/div>\r\n\r\n\r\n\r\n<hr class=\"wp-block-separator has-alpha-channel-opacity\"\/>\r\n\r\n\r\n\r\n<div class=\"wp-block-columns is-layout-flex wp-container-core-columns-is-layout-9d6595d7 wp-block-columns-is-layout-flex\">\r\n<div class=\"wp-block-column is-layout-flow wp-block-column-is-layout-flow\" style=\"flex-basis:33.33%\">\r\n<figure class=\"wp-block-image size-full\"><img loading=\"lazy\" decoding=\"async\" width=\"480\" height=\"300\" src=\"http:\/\/prgnid.com.tr\/wp-content\/uploads\/2023\/03\/Kontakt-Modul-480x300-1.jpg\" alt=\"\" class=\"wp-image-360\" srcset=\"http:\/\/prgnid.com.tr\/wp-content\/uploads\/2023\/03\/Kontakt-Modul-480x300-1.jpg 480w, http:\/\/prgnid.com.tr\/wp-content\/uploads\/2023\/03\/Kontakt-Modul-480x300-1-300x188.jpg 300w\" sizes=\"auto, (max-width: 480px) 100vw, 480px\" \/><\/figure>\r\n<\/div>\r\n\r\n\r\n\r\n<div class=\"wp-block-column is-layout-flow wp-block-column-is-layout-flow\" style=\"flex-basis:66.66%\">\r\n<p><strong>Kontakt Mod\u00fcller<\/strong><\/p>\r\n\r\n\r\n\r\n<p style=\"text-align: justify; line-height: 2em;\">Kontakt mod\u00fcller, temasl\u0131 ak\u0131ll\u0131 kartlar\u0131n i\u00e7erisinde kullan\u0131lan \u00e7iplerdir. Kart bas\u0131m\u0131 s\u0131ras\u0131nda katmanlar aras\u0131na yerle\u015ftirilerek kullan\u0131l\u0131r ve fiziksel karta ak\u0131ll\u0131 kart \u00f6zelli\u011fi kazand\u0131r\u0131rlar. Kullan\u0131m amac\u0131 ve ortam ko\u015fullar\u0131n\u0131n do\u011furdu\u011fu ihtiya\u00e7lara y\u00f6nelik olarak \u00e7ok \u00e7e\u015fitli kontakt mod\u00fcller bulunmaktad\u0131r.<\/p>\r\n<\/div>\r\n<\/div>\r\n\r\n\r\n\r\n<hr class=\"wp-block-separator has-alpha-channel-opacity\"\/>\r\n\r\n\r\n\r\n<div class=\"wp-block-columns is-layout-flex wp-container-core-columns-is-layout-9d6595d7 wp-block-columns-is-layout-flex\">\r\n<div class=\"wp-block-column is-layout-flow wp-block-column-is-layout-flow\" style=\"flex-basis:66.66%\">\r\n<p><strong>Kontaks\u0131z Mod\u00fcller<\/strong><\/p>\r\n\r\n\r\n\r\n<p style=\"text-align: justify; line-height: 2em;\">Kontaks\u0131z mod\u00fcller, temass\u0131z ak\u0131ll\u0131 kartlar\u0131n i\u00e7erisinde kullan\u0131lan \u00e7ip ve antendir. Kart bas\u0131m\u0131 s\u0131ras\u0131nda katmanlar aras\u0131na yerle\u015ftirilerek kullan\u0131l\u0131r ve fiziksel karta ak\u0131ll\u0131 kart \u00f6zelli\u011fi kazand\u0131r\u0131rlar. Kullan\u0131m amac\u0131 ve ortam ko\u015fullar\u0131n\u0131n do\u011furdu\u011fu ihtiya\u00e7lara y\u00f6nelik olarak \u00e7ok \u00e7e\u015fitli kontakt mod\u00fcller bulunmaktad\u0131r.<\/p>\r\n<\/div>\r\n\r\n\r\n\r\n<div class=\"wp-block-column is-layout-flow wp-block-column-is-layout-flow\" style=\"flex-basis:33.33%\">\r\n<figure class=\"wp-block-image size-full\"><img loading=\"lazy\" decoding=\"async\" width=\"480\" height=\"300\" src=\"http:\/\/prgnid.com.tr\/wp-content\/uploads\/2023\/03\/Kontaktsiz-Modul-480x300-1.jpg\" alt=\"\" class=\"wp-image-361\" srcset=\"http:\/\/prgnid.com.tr\/wp-content\/uploads\/2023\/03\/Kontaktsiz-Modul-480x300-1.jpg 480w, http:\/\/prgnid.com.tr\/wp-content\/uploads\/2023\/03\/Kontaktsiz-Modul-480x300-1-300x188.jpg 300w\" sizes=\"auto, (max-width: 480px) 100vw, 480px\" \/><\/figure>\r\n<\/div>\r\n<\/div>\r\n\r\n\r\n\r\n<hr class=\"wp-block-separator has-alpha-channel-opacity\"\/>\r\n\r\n\r\n\r\n<div class=\"wp-block-columns is-layout-flex wp-container-core-columns-is-layout-9d6595d7 wp-block-columns-is-layout-flex\">\r\n<div class=\"wp-block-column is-layout-flow wp-block-column-is-layout-flow\" style=\"flex-basis:33.33%\">\r\n<figure class=\"wp-block-image size-full\"><img loading=\"lazy\" decoding=\"async\" width=\"480\" height=\"300\" src=\"http:\/\/prgnid.com.tr\/wp-content\/uploads\/2023\/03\/Inlay-480x300-1.jpg\" alt=\"\" class=\"wp-image-358\" srcset=\"http:\/\/prgnid.com.tr\/wp-content\/uploads\/2023\/03\/Inlay-480x300-1.jpg 480w, http:\/\/prgnid.com.tr\/wp-content\/uploads\/2023\/03\/Inlay-480x300-1-300x188.jpg 300w\" sizes=\"auto, (max-width: 480px) 100vw, 480px\" \/><\/figure>\r\n<\/div>\r\n\r\n\r\n\r\n<div class=\"wp-block-column is-layout-flow wp-block-column-is-layout-flow\" style=\"flex-basis:66.66%\">\r\n<p><strong>Inlay<\/strong><\/p>\r\n\r\n\r\n\r\n<p style=\"text-align: justify; line-height: 2em;\">eKimlik, ePasaport, eS\u00fcr\u00fcc\u00fc Belgesi gibi g\u00fcvenlikli kart \u00fcr\u00fcnleri i\u00e7in; s\u00fcrd\u00fcr\u00fclebilir ve uzun vadeli kullan\u0131ma olanak sa\u011flayan, dayan\u0131kl\u0131l\u0131k temelli k\u0131r\u0131lma kar\u015f\u0131t\u0131 \u00f6zellikli &#8220;Polikarbon inlay&#8221; \u00fcretimleri ve tedari\u011fi yap\u0131yoruz. Ayr\u0131ca farkl\u0131 kullan\u0131m alanlar\u0131ndaki ihtiya\u00e7lar do\u011frultusunda olu\u015fturulacak do\u011fru modelleme ile \u00e7e\u015fitli alanlarda kullan\u0131lmak \u00fczere &#8220;PVC inlay&#8221; \u00fcretimi de hizmetlerimiz aras\u0131ndad\u0131r.<\/p>\r\n<\/div>\r\n<\/div>\r\n\r\n\r\n\r\n<hr class=\"wp-block-separator has-alpha-channel-opacity\"\/>\r\n\r\n\r\n\r\n<div class=\"wp-block-columns is-layout-flex wp-container-core-columns-is-layout-9d6595d7 wp-block-columns-is-layout-flex\">\r\n<div class=\"wp-block-column is-layout-flow wp-block-column-is-layout-flow\" style=\"flex-basis:66.66%\">\r\n<p><strong>PVC\/Polikarbon Kart Hammaddesi<\/strong><\/p>\r\n\r\n\r\n\r\n<p style=\"text-align: justify; line-height: 2em;\">Fiziksel kart \u00fcretimi i\u00e7in uygun standartlarda PVC ve Polikarbon hammadde tedari\u011fimiz ile m\u00fc\u015fterilerimize ideal \u00e7\u00f6z\u00fcmler sunuyoruz.<\/p>\r\n<\/div>\r\n\r\n\r\n\r\n<div class=\"wp-block-column is-layout-flow wp-block-column-is-layout-flow\" style=\"flex-basis:33.33%\">\r\n<figure class=\"wp-block-image size-full\"><img loading=\"lazy\" decoding=\"async\" width=\"480\" height=\"300\" src=\"http:\/\/prgnid.com.tr\/wp-content\/uploads\/2023\/03\/PVC-Kart-480x300-1.jpg\" alt=\"\" class=\"wp-image-355\" srcset=\"http:\/\/prgnid.com.tr\/wp-content\/uploads\/2023\/03\/PVC-Kart-480x300-1.jpg 480w, http:\/\/prgnid.com.tr\/wp-content\/uploads\/2023\/03\/PVC-Kart-480x300-1-300x188.jpg 300w\" sizes=\"auto, (max-width: 480px) 100vw, 480px\" \/><\/figure>\r\n<\/div>\r\n<\/div>\r\n","protected":false},"excerpt":{"rendered":"<p>PRGNID olarak \u00fcretti\u011fimiz ve tedarik etti\u011fimiz \u00fcr\u00fcnlerimizle kart teknolojileri konusunda \u00e7\u00f6z\u00fcmler sunuyoruz. &nbsp; &nbsp; Temasl\u0131 Ak\u0131ll\u0131 Kart Temasl\u0131 ak\u0131ll\u0131 kartlarda \u00e7ip kart\u0131n \u00fczerinde g\u00f6r\u00fcnecek \u015fekilde bulunur. Temasl\u0131 ak\u0131ll\u0131 kart, kart okuyucusu i\u00e7erisine yerle\u015ftirilir ve \u00e7ip ile kart okuyucusu aras\u0131nda temas sa\u011fland\u0131\u011f\u0131nda okuma i\u015flemi ger\u00e7ekle\u015febilir. Temasl\u0131 ak\u0131ll\u0131 kartlarda \u00e7ip i\u00e7erisinde \u00f6zel \u015fifreleme teknikleri kullan\u0131larak g\u00fcvenlikli veri [&hellip;]<\/p>\n","protected":false},"author":1,"featured_media":0,"parent":0,"menu_order":0,"comment_status":"closed","ping_status":"closed","template":"templates\/template-page-full-width.php","meta":{"footnotes":""},"class_list":["post-266","page","type-page","status-publish","hentry"],"_links":{"self":[{"href":"http:\/\/prgnid.com.tr\/index.php\/wp-json\/wp\/v2\/pages\/266","targetHints":{"allow":["GET"]}}],"collection":[{"href":"http:\/\/prgnid.com.tr\/index.php\/wp-json\/wp\/v2\/pages"}],"about":[{"href":"http:\/\/prgnid.com.tr\/index.php\/wp-json\/wp\/v2\/types\/page"}],"author":[{"embeddable":true,"href":"http:\/\/prgnid.com.tr\/index.php\/wp-json\/wp\/v2\/users\/1"}],"replies":[{"embeddable":true,"href":"http:\/\/prgnid.com.tr\/index.php\/wp-json\/wp\/v2\/comments?post=266"}],"version-history":[{"count":31,"href":"http:\/\/prgnid.com.tr\/index.php\/wp-json\/wp\/v2\/pages\/266\/revisions"}],"predecessor-version":[{"id":373,"href":"http:\/\/prgnid.com.tr\/index.php\/wp-json\/wp\/v2\/pages\/266\/revisions\/373"}],"wp:attachment":[{"href":"http:\/\/prgnid.com.tr\/index.php\/wp-json\/wp\/v2\/media?parent=266"}],"curies":[{"name":"wp","href":"https:\/\/api.w.org\/{rel}","templated":true}]}}